{"id":855,"date":"2025-09-22T08:06:28","date_gmt":"2025-09-22T06:06:28","guid":{"rendered":"https:\/\/iport.hu\/officeone\/?post_type=product&#038;p=855"},"modified":"2025-10-05T17:08:34","modified_gmt":"2025-10-05T15:08:34","slug":"cli571xl-black","status":"publish","type":"product","link":"https:\/\/iport.hu\/officeone\/termek\/cli571xl-black\/","title":{"rendered":"CLI571XL Black"},"content":{"rendered":"<p>Az al\u00e1bbi nyomtat\u00f3kba haszn\u00e1lhat\u00f3:<\/p>\n<p>CANON: PIXMA MG5750, MG5751, MG5752, MG5753, MG6850, MG6851, MG6852, MG6853, MG7750, MG7751, MG7752, MG7753, CANON PIXMA MG5750, CANON PIXMA MG5751CANON PIXMA MG5752, CANON PIXMA MG5753CANON PIXMA MG6850, CANON PIXMA MG6851CANON PIXMA MG6852, CANON PIXMA MG6853PIXMA MG7750 PIXMA MG7751PIXMA MG7752PIXMA MG7753 <\/p>\n","protected":false},"excerpt":{"rendered":"<p>Az al\u00e1bbi nyomtat\u00f3kba haszn\u00e1lhat\u00f3: CANON: PIXMA MG5750, MG5751, MG5752, MG5753, MG6850, MG6851, MG6852, MG6853, MG7750, MG7751, MG7752, MG7753, CANON PIXMA MG5750, CANON PIXMA MG5751CANON PIXMA MG5752, CANON PIXMA MG5753CANON PIXMA MG6850, CANON PIXMA MG6851CANON PIXMA MG6852, CANON PIXMA MG6853PIXMA MG7750 PIXMA MG7751PIXMA MG7752PIXMA MG7753<\/p>\n","protected":false},"featured_media":929,"template":"","meta":{"_et_pb_use_builder":"","_et_pb_old_content":"","_et_gb_content_width":""},"product_brand":[],"product_cat":[16],"product_tag":[],"class_list":{"0":"post-855","1":"product","2":"type-product","3":"status-publish","4":"has-post-thumbnail","6":"product_cat-tintapatron","8":"first","9":"instock","10":"shipping-taxable","11":"purchasable","12":"product-type-simple"},"_links":{"self":[{"href":"https:\/\/iport.hu\/officeone\/wp-json\/wp\/v2\/product\/855","targetHints":{"allow":["GET"]}}],"collection":[{"href":"https:\/\/iport.hu\/officeone\/wp-json\/wp\/v2\/product"}],"about":[{"href":"https:\/\/iport.hu\/officeone\/wp-json\/wp\/v2\/types\/product"}],"wp:featuredmedia":[{"embeddable":true,"href":"https:\/\/iport.hu\/officeone\/wp-json\/wp\/v2\/media\/929"}],"wp:attachment":[{"href":"https:\/\/iport.hu\/officeone\/wp-json\/wp\/v2\/media?parent=855"}],"wp:term":[{"taxonomy":"product_brand","embeddable":true,"href":"https:\/\/iport.hu\/officeone\/wp-json\/wp\/v2\/product_brand?post=855"},{"taxonomy":"product_cat","embeddable":true,"href":"https:\/\/iport.hu\/officeone\/wp-json\/wp\/v2\/product_cat?post=855"},{"taxonomy":"product_tag","embeddable":true,"href":"https:\/\/iport.hu\/officeone\/wp-json\/wp\/v2\/product_tag?post=855"}],"curies":[{"name":"wp","href":"https:\/\/api.w.org\/{rel}","templated":true}]}}