{"id":764,"date":"2025-09-22T08:05:59","date_gmt":"2025-09-22T06:05:59","guid":{"rendered":"https:\/\/iport.hu\/officeone\/?post_type=product&#038;p=764"},"modified":"2025-10-05T17:08:26","modified_gmt":"2025-10-05T15:08:26","slug":"t2994-yellow","status":"publish","type":"product","link":"https:\/\/iport.hu\/officeone\/termek\/t2994-yellow\/","title":{"rendered":"T2994 Yellow"},"content":{"rendered":"<p>Az al\u00e1bbi nyomtat\u00f3kba haszn\u00e1lhat\u00f3:<\/p>\n<p>EPSON: EXPRESSION HOME XP-235, EXPRESSION HOME XP-332, EXPRESSION HOME XP-335, EXPRESSION HOME XP-432, EXPRESSION HOME XP-435, EPSON EXPRESS HOME XP-332, EPSON EXPRESS HOME XP-432, EPSON EXPRESS HOME XP-235, EPSON EXPRESS HOME XP-335, EPSON EXPRESS HOME XP-435 <\/p>\n","protected":false},"excerpt":{"rendered":"<p>Az al\u00e1bbi nyomtat\u00f3kba haszn\u00e1lhat\u00f3: EPSON: EXPRESSION HOME XP-235, EXPRESSION HOME XP-332, EXPRESSION HOME XP-335, EXPRESSION HOME XP-432, EXPRESSION HOME XP-435, EPSON EXPRESS HOME XP-332, EPSON EXPRESS HOME XP-432, EPSON EXPRESS HOME XP-235, EPSON EXPRESS HOME XP-335, EPSON EXPRESS HOME XP-435<\/p>\n","protected":false},"featured_media":929,"template":"","meta":{"_et_pb_use_builder":"","_et_pb_old_content":"","_et_gb_content_width":""},"product_brand":[],"product_cat":[16],"product_tag":[],"class_list":{"0":"post-764","1":"product","2":"type-product","3":"status-publish","4":"has-post-thumbnail","6":"product_cat-tintapatron","8":"first","9":"instock","10":"shipping-taxable","11":"purchasable","12":"product-type-simple"},"_links":{"self":[{"href":"https:\/\/iport.hu\/officeone\/wp-json\/wp\/v2\/product\/764","targetHints":{"allow":["GET"]}}],"collection":[{"href":"https:\/\/iport.hu\/officeone\/wp-json\/wp\/v2\/product"}],"about":[{"href":"https:\/\/iport.hu\/officeone\/wp-json\/wp\/v2\/types\/product"}],"wp:featuredmedia":[{"embeddable":true,"href":"https:\/\/iport.hu\/officeone\/wp-json\/wp\/v2\/media\/929"}],"wp:attachment":[{"href":"https:\/\/iport.hu\/officeone\/wp-json\/wp\/v2\/media?parent=764"}],"wp:term":[{"taxonomy":"product_brand","embeddable":true,"href":"https:\/\/iport.hu\/officeone\/wp-json\/wp\/v2\/product_brand?post=764"},{"taxonomy":"product_cat","embeddable":true,"href":"https:\/\/iport.hu\/officeone\/wp-json\/wp\/v2\/product_cat?post=764"},{"taxonomy":"product_tag","embeddable":true,"href":"https:\/\/iport.hu\/officeone\/wp-json\/wp\/v2\/product_tag?post=764"}],"curies":[{"name":"wp","href":"https:\/\/api.w.org\/{rel}","templated":true}]}}