{"id":729,"date":"2025-09-22T08:05:41","date_gmt":"2025-09-22T06:05:41","guid":{"rendered":"https:\/\/iport.hu\/officeone\/?post_type=product&#038;p=729"},"modified":"2025-10-05T17:08:22","modified_gmt":"2025-10-05T15:08:22","slug":"t1282-cyan","status":"publish","type":"product","link":"https:\/\/iport.hu\/officeone\/termek\/t1282-cyan\/","title":{"rendered":"T1282 Cyan"},"content":{"rendered":"<p>Az al\u00e1bbi nyomtat\u00f3kba haszn\u00e1lhat\u00f3:<\/p>\n<p>EPSON: STYLUS SX 125, SX 130, SX 420W, SX 425W, OFFICE BX 305F, BX305FW, S 22, EPSON STYLUS OFFICE BX305F, BX305FW, STYLUS S22, SX125, SX130, SX230, SX235W, SX420W, SX425W, SX435W, SX440W, SX445W <\/p>\n","protected":false},"excerpt":{"rendered":"<p>Az al\u00e1bbi nyomtat\u00f3kba haszn\u00e1lhat\u00f3: EPSON: STYLUS SX 125, SX 130, SX 420W, SX 425W, OFFICE BX 305F, BX305FW, S 22, EPSON STYLUS OFFICE BX305F, BX305FW, STYLUS S22, SX125, SX130, SX230, SX235W, SX420W, SX425W, SX435W, SX440W, SX445W<\/p>\n","protected":false},"featured_media":929,"template":"","meta":{"_et_pb_use_builder":"","_et_pb_old_content":"","_et_gb_content_width":""},"product_brand":[],"product_cat":[16],"product_tag":[],"class_list":{"0":"post-729","1":"product","2":"type-product","3":"status-publish","4":"has-post-thumbnail","6":"product_cat-tintapatron","8":"first","9":"instock","10":"shipping-taxable","11":"purchasable","12":"product-type-simple"},"_links":{"self":[{"href":"https:\/\/iport.hu\/officeone\/wp-json\/wp\/v2\/product\/729","targetHints":{"allow":["GET"]}}],"collection":[{"href":"https:\/\/iport.hu\/officeone\/wp-json\/wp\/v2\/product"}],"about":[{"href":"https:\/\/iport.hu\/officeone\/wp-json\/wp\/v2\/types\/product"}],"wp:featuredmedia":[{"embeddable":true,"href":"https:\/\/iport.hu\/officeone\/wp-json\/wp\/v2\/media\/929"}],"wp:attachment":[{"href":"https:\/\/iport.hu\/officeone\/wp-json\/wp\/v2\/media?parent=729"}],"wp:term":[{"taxonomy":"product_brand","embeddable":true,"href":"https:\/\/iport.hu\/officeone\/wp-json\/wp\/v2\/product_brand?post=729"},{"taxonomy":"product_cat","embeddable":true,"href":"https:\/\/iport.hu\/officeone\/wp-json\/wp\/v2\/product_cat?post=729"},{"taxonomy":"product_tag","embeddable":true,"href":"https:\/\/iport.hu\/officeone\/wp-json\/wp\/v2\/product_tag?post=729"}],"curies":[{"name":"wp","href":"https:\/\/api.w.org\/{rel}","templated":true}]}}