{"id":626,"date":"2025-09-22T08:05:10","date_gmt":"2025-09-22T06:05:10","guid":{"rendered":"https:\/\/iport.hu\/officeone\/?post_type=product&#038;p=626"},"modified":"2025-10-05T17:08:11","modified_gmt":"2025-10-05T15:08:11","slug":"tn241-magenta","status":"publish","type":"product","link":"https:\/\/iport.hu\/officeone\/termek\/tn241-magenta\/","title":{"rendered":"TN241 Magenta"},"content":{"rendered":"<p>Az al\u00e1bbi nyomtat\u00f3khoz haszn\u00e1lhat\u00f3:<\/p>\n<p>Brother: HL-L2310D, HL-L2350DW, HL-L2357DW, HL-L2370DN, HL-L2375DW, DCP-L2510D, DCP-L2530DW, DCP-L2537DW, DCP-L2550DN, MFC-L2710DN, MFC-L2710DW, MFC-L2730DW, MFC-L2750DW <\/p>\n","protected":false},"excerpt":{"rendered":"<p>Az al\u00e1bbi nyomtat\u00f3khoz haszn\u00e1lhat\u00f3: Brother: HL-L2310D, HL-L2350DW, HL-L2357DW, HL-L2370DN, HL-L2375DW, DCP-L2510D, DCP-L2530DW, DCP-L2537DW, DCP-L2550DN, MFC-L2710DN, MFC-L2710DW, MFC-L2730DW, MFC-L2750DW<\/p>\n","protected":false},"featured_media":929,"template":"","meta":{"_et_pb_use_builder":"","_et_pb_old_content":"","_et_gb_content_width":""},"product_brand":[],"product_cat":[19],"product_tag":[],"class_list":{"0":"post-626","1":"product","2":"type-product","3":"status-publish","4":"has-post-thumbnail","6":"product_cat-lezertoner","8":"first","9":"instock","10":"shipping-taxable","11":"purchasable","12":"product-type-simple"},"_links":{"self":[{"href":"https:\/\/iport.hu\/officeone\/wp-json\/wp\/v2\/product\/626","targetHints":{"allow":["GET"]}}],"collection":[{"href":"https:\/\/iport.hu\/officeone\/wp-json\/wp\/v2\/product"}],"about":[{"href":"https:\/\/iport.hu\/officeone\/wp-json\/wp\/v2\/types\/product"}],"wp:featuredmedia":[{"embeddable":true,"href":"https:\/\/iport.hu\/officeone\/wp-json\/wp\/v2\/media\/929"}],"wp:attachment":[{"href":"https:\/\/iport.hu\/officeone\/wp-json\/wp\/v2\/media?parent=626"}],"wp:term":[{"taxonomy":"product_brand","embeddable":true,"href":"https:\/\/iport.hu\/officeone\/wp-json\/wp\/v2\/product_brand?post=626"},{"taxonomy":"product_cat","embeddable":true,"href":"https:\/\/iport.hu\/officeone\/wp-json\/wp\/v2\/product_cat?post=626"},{"taxonomy":"product_tag","embeddable":true,"href":"https:\/\/iport.hu\/officeone\/wp-json\/wp\/v2\/product_tag?post=626"}],"curies":[{"name":"wp","href":"https:\/\/api.w.org\/{rel}","templated":true}]}}