{"id":623,"date":"2025-09-22T08:05:10","date_gmt":"2025-09-22T06:05:10","guid":{"rendered":"https:\/\/iport.hu\/officeone\/?post_type=product&#038;p=623"},"modified":"2025-10-05T17:08:11","modified_gmt":"2025-10-05T15:08:11","slug":"tn2310-2320","status":"publish","type":"product","link":"https:\/\/iport.hu\/officeone\/termek\/tn2310-2320\/","title":{"rendered":"TN2310\/2320"},"content":{"rendered":"<p>Az al\u00e1bbi nyomtat\u00f3khoz haszn\u00e1lhat\u00f3:<\/p>\n<p>BROTHER: DCP-L 2500 D, DCP-L 2500 SERIES, DCP-L 2520 DW, DCP-L 2540 DN, DCP-L 2560 DW, DCP-L 2700 DW; HL-L 2300 D, HL-L 2300 SERIES, HL-L 2320 D, HL-L 2340 DW, HL-L 2360 DN, HL-L 2360 DW, HL-L 2365 DW, HL-L 2380 DW; MFC-L 2700 DW, MFC-L 2700 SERIES, MFC-L 2720 DW, MFC-L 2740 CW, MFC-L 2740 DW, BROTHER HL-L2300D, HL-L2320D, HL-L2340DW, HL-L2360DW, HL-L2360DN, HL-L2365DW, HL-L2380DW, , DCP-L2500D, DCP-L2520D, DCP-L2520DW, DCP-L2540DN, DCP-L2540DW, DCP-L2560DW, , MFC-L2700DW, MFC-L2700D, MFC-L2720DW, MFC-L2740DW <\/p>\n","protected":false},"excerpt":{"rendered":"<p>Az al\u00e1bbi nyomtat\u00f3khoz haszn\u00e1lhat\u00f3: BROTHER: DCP-L 2500 D, DCP-L 2500 SERIES, DCP-L 2520 DW, DCP-L 2540 DN, DCP-L 2560 DW, DCP-L 2700 DW; HL-L 2300 D, HL-L 2300 SERIES, HL-L 2320 D, HL-L 2340 DW, HL-L 2360 DN, HL-L 2360 DW, HL-L 2365 DW, HL-L 2380 DW; MFC-L 2700 DW, MFC-L 2700 SERIES, MFC-L 2720 [&hellip;]<\/p>\n","protected":false},"featured_media":929,"template":"","meta":{"_et_pb_use_builder":"","_et_pb_old_content":"","_et_gb_content_width":""},"product_brand":[],"product_cat":[19],"product_tag":[],"class_list":{"0":"post-623","1":"product","2":"type-product","3":"status-publish","4":"has-post-thumbnail","6":"product_cat-lezertoner","8":"first","9":"instock","10":"shipping-taxable","11":"purchasable","12":"product-type-simple"},"_links":{"self":[{"href":"https:\/\/iport.hu\/officeone\/wp-json\/wp\/v2\/product\/623","targetHints":{"allow":["GET"]}}],"collection":[{"href":"https:\/\/iport.hu\/officeone\/wp-json\/wp\/v2\/product"}],"about":[{"href":"https:\/\/iport.hu\/officeone\/wp-json\/wp\/v2\/types\/product"}],"wp:featuredmedia":[{"embeddable":true,"href":"https:\/\/iport.hu\/officeone\/wp-json\/wp\/v2\/media\/929"}],"wp:attachment":[{"href":"https:\/\/iport.hu\/officeone\/wp-json\/wp\/v2\/media?parent=623"}],"wp:term":[{"taxonomy":"product_brand","embeddable":true,"href":"https:\/\/iport.hu\/officeone\/wp-json\/wp\/v2\/product_brand?post=623"},{"taxonomy":"product_cat","embeddable":true,"href":"https:\/\/iport.hu\/officeone\/wp-json\/wp\/v2\/product_cat?post=623"},{"taxonomy":"product_tag","embeddable":true,"href":"https:\/\/iport.hu\/officeone\/wp-json\/wp\/v2\/product_tag?post=623"}],"curies":[{"name":"wp","href":"https:\/\/api.w.org\/{rel}","templated":true}]}}