{"id":531,"date":"2025-09-22T08:04:39","date_gmt":"2025-09-22T06:04:39","guid":{"rendered":"https:\/\/iport.hu\/officeone\/?post_type=product&#038;p=531"},"modified":"2025-10-05T17:08:03","modified_gmt":"2025-10-05T15:08:03","slug":"mlt203l","status":"publish","type":"product","link":"https:\/\/iport.hu\/officeone\/termek\/mlt203l\/","title":{"rendered":"MLT203L"},"content":{"rendered":"<p>Az al\u00e1bbi nyomtat\u00f3khoz haszn\u00e1lhat\u00f3:<\/p>\n<p>SAMSUNG: SCX 4016, SCX 4116, SCX 4214F, SCX 4216F, SCX 4216FN; SF 565P, SF 560, SF 750, SF 755P; MSYS 750, 755P; CF 560, CF565P, CF750, CF755P; PROXPRESS SL-M3320ND, SAMSUNG PROXPRESS SL-M3320ND, SL-M4070FR, M3870FW, M3370FD, M3820ND, 3370FW, 3820DW, M4070FW, M4072FW, M4020ND, M4070FR, SL-M4020ND <\/p>\n","protected":false},"excerpt":{"rendered":"<p>Az al\u00e1bbi nyomtat\u00f3khoz haszn\u00e1lhat\u00f3: SAMSUNG: SCX 4016, SCX 4116, SCX 4214F, SCX 4216F, SCX 4216FN; SF 565P, SF 560, SF 750, SF 755P; MSYS 750, 755P; CF 560, CF565P, CF750, CF755P; PROXPRESS SL-M3320ND, SAMSUNG PROXPRESS SL-M3320ND, SL-M4070FR, M3870FW, M3370FD, M3820ND, 3370FW, 3820DW, M4070FW, M4072FW, M4020ND, M4070FR, SL-M4020ND<\/p>\n","protected":false},"featured_media":929,"template":"","meta":{"_et_pb_use_builder":"","_et_pb_old_content":"","_et_gb_content_width":""},"product_brand":[],"product_cat":[19],"product_tag":[],"class_list":{"0":"post-531","1":"product","2":"type-product","3":"status-publish","4":"has-post-thumbnail","6":"product_cat-lezertoner","8":"first","9":"instock","10":"shipping-taxable","11":"purchasable","12":"product-type-simple"},"_links":{"self":[{"href":"https:\/\/iport.hu\/officeone\/wp-json\/wp\/v2\/product\/531","targetHints":{"allow":["GET"]}}],"collection":[{"href":"https:\/\/iport.hu\/officeone\/wp-json\/wp\/v2\/product"}],"about":[{"href":"https:\/\/iport.hu\/officeone\/wp-json\/wp\/v2\/types\/product"}],"wp:featuredmedia":[{"embeddable":true,"href":"https:\/\/iport.hu\/officeone\/wp-json\/wp\/v2\/media\/929"}],"wp:attachment":[{"href":"https:\/\/iport.hu\/officeone\/wp-json\/wp\/v2\/media?parent=531"}],"wp:term":[{"taxonomy":"product_brand","embeddable":true,"href":"https:\/\/iport.hu\/officeone\/wp-json\/wp\/v2\/product_brand?post=531"},{"taxonomy":"product_cat","embeddable":true,"href":"https:\/\/iport.hu\/officeone\/wp-json\/wp\/v2\/product_cat?post=531"},{"taxonomy":"product_tag","embeddable":true,"href":"https:\/\/iport.hu\/officeone\/wp-json\/wp\/v2\/product_tag?post=531"}],"curies":[{"name":"wp","href":"https:\/\/api.w.org\/{rel}","templated":true}]}}