{"id":503,"date":"2025-09-22T08:04:31","date_gmt":"2025-09-22T06:04:31","guid":{"rendered":"https:\/\/iport.hu\/officeone\/?post_type=product&#038;p=503"},"modified":"2025-10-05T17:08:00","modified_gmt":"2025-10-05T15:08:00","slug":"q1338-q5942x-q5945","status":"publish","type":"product","link":"https:\/\/iport.hu\/officeone\/termek\/q1338-q5942x-q5945\/","title":{"rendered":"Q1338\/Q5942X\/Q5945"},"content":{"rendered":"<p>Az al\u00e1bbi nyomtat\u00f3kba haszn\u00e1lhat\u00f3:<\/p>\n<p>HP: LJ 4200, 4200DTN, 4200 Dtnsl, 4200 Dtns, 4200LN, 4200N, 4200TN; 4200\/4200L, HP: LJ 4250, 4250DTN, 4250N, 4250TN, 4250Dtnsl, 4350, 4350DTN, 4350N, 4350TN, 4350Dtnsl, HP: LJ 4345, 4345 dtn, 4345 dtnsl, 4345 dtnxm, 4345 MFP, 4345 X MFP, 4345 XM MFP, 4345 XS MFP, M 4345 dtn MFP, M 4345 dtnsl MFP, M 4345 dtnxm MFP, M 4345 MFP, M 4345 ss MFP, M 4345 X MFP, M 4345 XM MFP, M 4345 XS MFP, HP: LJ 4300, 4300DTN, 4300TN, 4300N, 4300Dtns, 4300Dtnsl <\/p>\n","protected":false},"excerpt":{"rendered":"<p>Az al\u00e1bbi nyomtat\u00f3kba haszn\u00e1lhat\u00f3: HP: LJ 4200, 4200DTN, 4200 Dtnsl, 4200 Dtns, 4200LN, 4200N, 4200TN; 4200\/4200L, HP: LJ 4250, 4250DTN, 4250N, 4250TN, 4250Dtnsl, 4350, 4350DTN, 4350N, 4350TN, 4350Dtnsl, HP: LJ 4345, 4345 dtn, 4345 dtnsl, 4345 dtnxm, 4345 MFP, 4345 X MFP, 4345 XM MFP, 4345 XS MFP, M 4345 dtn MFP, M 4345 dtnsl [&hellip;]<\/p>\n","protected":false},"featured_media":929,"template":"","meta":{"_et_pb_use_builder":"","_et_pb_old_content":"","_et_gb_content_width":""},"product_brand":[],"product_cat":[19],"product_tag":[],"class_list":{"0":"post-503","1":"product","2":"type-product","3":"status-publish","4":"has-post-thumbnail","6":"product_cat-lezertoner","8":"first","9":"instock","10":"shipping-taxable","11":"purchasable","12":"product-type-simple"},"_links":{"self":[{"href":"https:\/\/iport.hu\/officeone\/wp-json\/wp\/v2\/product\/503","targetHints":{"allow":["GET"]}}],"collection":[{"href":"https:\/\/iport.hu\/officeone\/wp-json\/wp\/v2\/product"}],"about":[{"href":"https:\/\/iport.hu\/officeone\/wp-json\/wp\/v2\/types\/product"}],"wp:featuredmedia":[{"embeddable":true,"href":"https:\/\/iport.hu\/officeone\/wp-json\/wp\/v2\/media\/929"}],"wp:attachment":[{"href":"https:\/\/iport.hu\/officeone\/wp-json\/wp\/v2\/media?parent=503"}],"wp:term":[{"taxonomy":"product_brand","embeddable":true,"href":"https:\/\/iport.hu\/officeone\/wp-json\/wp\/v2\/product_brand?post=503"},{"taxonomy":"product_cat","embeddable":true,"href":"https:\/\/iport.hu\/officeone\/wp-json\/wp\/v2\/product_cat?post=503"},{"taxonomy":"product_tag","embeddable":true,"href":"https:\/\/iport.hu\/officeone\/wp-json\/wp\/v2\/product_tag?post=503"}],"curies":[{"name":"wp","href":"https:\/\/api.w.org\/{rel}","templated":true}]}}