{"id":468,"date":"2025-09-22T08:04:20","date_gmt":"2025-09-22T06:04:20","guid":{"rendered":"https:\/\/iport.hu\/officeone\/?post_type=product&#038;p=468"},"modified":"2025-10-05T17:07:54","modified_gmt":"2025-10-05T15:07:54","slug":"cf230a-crg051","status":"publish","type":"product","link":"https:\/\/iport.hu\/officeone\/termek\/cf230a-crg051\/","title":{"rendered":"CF230A\/CRG051"},"content":{"rendered":"<p>Az al\u00e1bbi nyomtat\u00f3kba haszn\u00e1lhat\u00f3:<\/p>\n<p>HP: LaserJet Pro M203dn, LaserJet Pro M203dw, LaserJet Pro M227fdw, LaserJet Pro M227sdn, LaserJet Pro M227fdn, Canon LBP160, Canon MF260, Canon LBP162dw, Canon i-SENSYS MF264dw, Canon i-SENSYS MF267dw, Canon i-SENSYS MF269dw, CanonLBP 162dw, MF 264dw, MF 267dw, MF 269dw <\/p>\n","protected":false},"excerpt":{"rendered":"<p>Az al\u00e1bbi nyomtat\u00f3kba haszn\u00e1lhat\u00f3: HP: LaserJet Pro M203dn, LaserJet Pro M203dw, LaserJet Pro M227fdw, LaserJet Pro M227sdn, LaserJet Pro M227fdn, Canon LBP160, Canon MF260, Canon LBP162dw, Canon i-SENSYS MF264dw, Canon i-SENSYS MF267dw, Canon i-SENSYS MF269dw, CanonLBP 162dw, MF 264dw, MF 267dw, MF 269dw<\/p>\n","protected":false},"featured_media":929,"template":"","meta":{"_et_pb_use_builder":"","_et_pb_old_content":"","_et_gb_content_width":""},"product_brand":[],"product_cat":[19],"product_tag":[],"class_list":{"0":"post-468","1":"product","2":"type-product","3":"status-publish","4":"has-post-thumbnail","6":"product_cat-lezertoner","8":"first","9":"instock","10":"shipping-taxable","11":"purchasable","12":"product-type-simple"},"_links":{"self":[{"href":"https:\/\/iport.hu\/officeone\/wp-json\/wp\/v2\/product\/468","targetHints":{"allow":["GET"]}}],"collection":[{"href":"https:\/\/iport.hu\/officeone\/wp-json\/wp\/v2\/product"}],"about":[{"href":"https:\/\/iport.hu\/officeone\/wp-json\/wp\/v2\/types\/product"}],"wp:featuredmedia":[{"embeddable":true,"href":"https:\/\/iport.hu\/officeone\/wp-json\/wp\/v2\/media\/929"}],"wp:attachment":[{"href":"https:\/\/iport.hu\/officeone\/wp-json\/wp\/v2\/media?parent=468"}],"wp:term":[{"taxonomy":"product_brand","embeddable":true,"href":"https:\/\/iport.hu\/officeone\/wp-json\/wp\/v2\/product_brand?post=468"},{"taxonomy":"product_cat","embeddable":true,"href":"https:\/\/iport.hu\/officeone\/wp-json\/wp\/v2\/product_cat?post=468"},{"taxonomy":"product_tag","embeddable":true,"href":"https:\/\/iport.hu\/officeone\/wp-json\/wp\/v2\/product_tag?post=468"}],"curies":[{"name":"wp","href":"https:\/\/api.w.org\/{rel}","templated":true}]}}